er when 116 is divided by 44.
28
Calculate the remainder when 77 is divided by 43.
34
What is the remainder when 1362 is divided by 57?
51
What is the remainder when 2325 is divided by 35?
15
Calculate the remainder when 1073 is divided by 126.
65
Calculate the remainder when 145 is divided by 26.
15
Calculate the remainder when 361 is divided by 101.
58
What is the remainder when 82 is divided by 12?
10
What is the remainder when 1031 is divided by 94?
91
Calculate the remainder when 212 is divided by 36.
32
Calculate the remainder when 484 is divided by 18.
16
Calculate the remainder when 3781 is divided by 61.
60
Calculate the remainder when 162 is divided by 33.
30
What is the remainder when 7898 is divided by 1315?
8
Calculate the remainder when 3637 is divided by 107.
106
Calculate the remainder when 224 is divided by 15.
14
What is the remainder when 240 is divided by 239?
1
Calculate the remainder when 17795 is divided by 37.
35
What is the remainder when 475 is divided by 92?
15
What is the remainder when 2845 is divided by 129?
7
Calculate the remainder when 67 is divided by 34.
33
Calculate the remainder when 846 is divided by 109.
83
Calculate the remainder when 112 is divided by 24.
16
Calculate the remainder when 1454 is divided by 712.
30
What is the remainder when 6161 is divided by 158?
157
Calculate the remainder when 311 is divided by 13.
12
What is the remainder when 46 is divided by 19?
8
What is the remainder when 117 is divided by 24?
21
What is the remainder when 141 is divided by 29?
25
What is the remainder when 624 is divided by 42?
36
Calculate the remainder when 702 is divided by 90.
72
Calculate the remainder when 1189 is divided by 390.
19
What is the remainder when 74 is divided by 41?
33
What is the remainder when 261 is divided by 14?
9
Calculate the remainder when 5015 is divided by 22.
21
Calculate the remainder when 1516 is divided by 22.
20
Calculate the remainder when 17949 is divided by 29.
27
Calculate the remainder when 1230 is divided by 73.
62
What is the remainder when 789 is divided by 19?
10
What is the remainder when 193 is divided by 52?
37
What is the remainder when 10 is divided by 3?
1
What is the remainder when 3128 is divided by 53?
1
Calculate the remainder when 75 is divided by 55.
20
Calculate the remainder when 375 is divided by 8.
7
What is the remainder when 190 is divided by 52?
34
What is the remainder when 533 is divided by 134?
131
What is the remainder when 61 is divided by 24?
13
Calculate the remainder when 391 is divided by 120.
31
Calculate the remainder when 467 is divided by 8.
3
What is the remainder when 32 is divided by 24?
8
Calculate the remainder when 351 is divided by 16.
15
Calculate the remainder when 217 is divided by 16.
9
What is the remainder when 443 is divided by 112?
107
What is the remainder when 105 is divided by 6?
3
What is the remainder when 146 is divided by 56?
34
What is the remainder when 237 is divided by 50?
37
Calculate the remainder when 731 is divided by 559.
172
What is the remainder when 617 is divided by 16?
9
What is the remainder when 641 is divided by 14?
11
Calculate the remainder when 208 is divided by 42.
40
What is the remainder when 7689 is divided by 6?
3
What is the remainder when 100 is divided by 51?
49
What is the remainder when 751 is divided by 59?
43
Calculate the remainder when 1227 is divided by 10.
7
What is the remainder when 181 is divided by 47?
40
Calculate the remainder when 2428 is divided by 106.
96
Calculate the remainder when 7314 is divided by 88.
10
What is the remainder when 1837 is divided by 73?
12
Calculate the remainder when 1482 is divided by 33.
30
What is the remainder when 9247 is divided by 47?
35
Calculate the remainder when 12 is divided by 12.
0
What is the remainder when 9344 is divided by 114?
110
Calculate the remainder when 190 is divided by 32.
30
Calculate the remainder when 2446 is divided by 36.
34
What is the remainder when 861 is divided by 72?
69
Calculate the remainder when 114 is divided by 59.
55
Calculate the remainder when 715 is divided by 29.
19
What is the remainder when 240 is divided by 69?
33
What is the remainder when 4544 is divided by 123?
116
What is the remainder when 16438 is divided by 20?
18
Calculate the remainder when 480 is divided by 37.
36
What is the remainder when 527 is divided by 112?
79
Calculate the remainder when 627 is divided by 182.
81
What is the remainder when 321 is divided by 6?
3
What is the remainder when 73 is divided by 15?
13
What is the remainder when 144 is divided by 17?
8
Calculate the remainder when 70 is divided by 18.
16
What is the remainder when 93 is divided by 8?
5
Calculate the remainder when 543 is divided by 51.
33
Calculate the remainder when 479 is divided by 32.
31
Calculate the remainder when 355 is divided by 120.
115
Calculate the remainder when 1431 is divided by 45.
36
What is the remainder when 218 is divided by 15?
8
What is the remainder when 91 is divided by 5?
1
Calculate the remainder when 333 is divided by 16.
13
Calculate the remainder when 129 is divided by 65.
64
What is the remainder when 65 is divided by 7?
2
What is the remainder when 4288 is divided by 66?
64
Calculate the remainder when 2143 is divided by 86.
79
What is the remainder when 17414 is divided by 9?
8
What is the remainder when 322 is divided by 19?
18
What is the remainder when 979 is divided by 76?
67
Calculate the remainder when 975 is divided by 324.
3
Calculate the remainder when 299 is divided by 7.
5
What is the remainder when 86 is divided by 56?
30
What is the remainder when 115 is divided by 34?
13
Calculate the remainder when 216 is divided by 17.
12
Calculate the remainder when 40 is divided by 23.
17
What is the remainder when 143 is divided by 23?
5
What is the remainder when 381 is divided by 123?
12
What is the remainder when 155 is divided by 24?
11
What is the remainder when 1046 is divided by 10?
6
Calculate the remainder when 313 is divided by 74.
17
What is the remainder when 19 is divided by 14?
5
Calculate the remainder when 29604 is divided by 226.
224
Calculate the remainder when 1739 is divided by 12.
11
Calculate the remainder when 571 is divided by 116.
107
What is the remainder when 112 is divided by 13?
8
Calculate the remainder when 1135 is divided by 227.
0
Calculate the remainder when 72 is divided by 53.
19
What is the remainder when 198 is divided by 60?
18
Calculate the remainder when 951 is divided by 14.
13
What is the remainder when 123 is divided by 63?
60
Calculate the remainder when 345 is divided by 20.
5
Calculate the remainder when 900 is divided by 89.
10
What is the remainder when 63 is divided by 22?
19
Calculate the remainder when 41538 is divided by 227.
224
Calculate the remainder when 4654 is divided by 12.
10
Calculate the remainder when 4187 is divided by 1394.
5
Calculate the remainder when 1870 is divided by 14.
8
Calculate the remainder when 142 is divided by 18.
16
What is the remainder when 544 is divided by 96?
64
What is the remainder when 1730 is divided by 27?
2
What is the remainder when 2460 is divided by 112?
108
Calculate the remainder when 49 is divided by 16.
1
Calculate the remainder when 552 is divided by 105.
27
Calculate the remainder when 1933 is divided by 481.
9
What is the remainder when 415 is divided by 115?
70
Calculate the remainder when 967 is divided by 61.
52
What is the remainder when 575 is divided by 96?
95
What is the remainder when 371 is divided by 17?
14
What is the remainder when 127 is divided by 10?
7
What is the remainder when 62 is divided by 9?
8
Calculate the remainder when 7346 is divided by 31.
30
Calculate the remainder when 1851 is divided by 20.
11
Calculate the remainder when 171 is divided by 45.
36
Calculate the remainder when 2929 is divided by 730.
9
What is the remainder when 282 is divided by 17?
10
What is the remainder when 1894 is divided by 417?
226
What is the remainder when 848 is divided by 107?
99
What is the remainder when 718 is divided by 50?
18
What is the remainder when 925 is divided by 305?
10
Calculate the remainder when 997 is divided by 141.
10
Calculate the remainder when 114 is divided by 47.
20
Calculate the remain